{"id":27,"date":"2025-11-18T22:32:59","date_gmt":"2025-11-18T22:32:59","guid":{"rendered":"https:\/\/juancarlostanus.com\/index.php\/about-us\/"},"modified":"2026-01-24T02:21:03","modified_gmt":"2026-01-24T02:21:03","slug":"about-us","status":"publish","type":"page","link":"https:\/\/juancarlostanus.com\/index.php\/about-us\/","title":{"rendered":"Quien es Juan Carlos Tanus?"},"content":{"rendered":"<p>Juan Carlos Tanus, migrante de origen colombiano, es el Director Ejecutivo de la Asociaci\u00f3n de Colombianos en Venezuela. Organizaci\u00f3n civil de los migrantes con mayor relevancia en Venezuela, por su activa participaci\u00f3n en la vida social de Venezuela.<\/p>\n<p>Tanus; nacido en las estribaciones de la Sub Regi\u00f3n de los Montes de Mar\u00eda (Montes de One), en el departamento de Sucre, en el Municipio de Ovejas, corregimiento de Don Gabriel, en la Costa Caribe colombiana, de padres con or\u00edgenes campesinos derivados de la mezcla de un abuelo sirio y de una abuela paterna nativa de la regi\u00f3n, de piel india y f\u00e9rrea en su formaci\u00f3n. es la regi\u00f3n Caribe Colombiana, cuya ciudad principal es Sincelejo, por ser la capital del Departamento de Sucre. Curso estudios primarios en la Escuela Francisco de Paula Santander, en la Ciudad de Sincelejo, termino estudios de bachillerato en el Liceo Nocturno Andr\u00e9s Bello, de esta Capital, aunque hizo los primeros a\u00f1os de la secundaria en el Instituto Antonio Lenis de la Capital del Departamento de Sucre, termino estudios en el Servicio Nacional de Aprendizaje SENA, como T\u00e9cnico Profesional en Administraci\u00f3n de Recursos Humanos en el a\u00f1o 1999, hizo estudios de administraci\u00f3n de Empresas en la Universidad Los Libertadores, de la Ciudad de Bogot\u00e1 D.C. Colombia (2003), y de Contadur\u00eda P\u00fablica en La Universidad Antonio Nari\u00f1o en la sede Sur de la Ciudad de Bogot\u00e1 D.C.(1998), a la fecha abril de 2018, termina acad\u00e9micamente estudios de Derecho en la Universidad Yacamb\u00fa de la Ciudad de Cabudare en el Municipio Palavecino, estado Lara en la Rep\u00fablica Bolivariana de Venezuela. Ha realizado otros estudios entre los cuales se destacan: Pontificia Universidad Javeriana de Bogot\u00e1 D.C. Colombia: Seminario Taller, Preparaci\u00f3n de L\u00edderes Para la Gesti\u00f3n de Proyectos Sociales, Bogot\u00e1 D.C. junio de 1997. Universidad Distrital Francisco Jos\u00e9 de Caldas, sede Bogot\u00e1 D.C., Seminario Taller: Gesti\u00f3n P\u00fablica, Participaci\u00f3n y Convivencia, diciembre de 2001 Universidad Nacional de Colombia-Defensor\u00eda del Pueblo. Diplomado: Derechos Humanos y el Derecho Internacional Humanitario, Bogot\u00e1 D.C. a\u00f1o 2003. Escuela Superior de Administraci\u00f3n P\u00fablica ESAP, Bogot\u00e1 D.C., Seminario La Planeaci\u00f3n del Desarrollo Territorial, Febrero de 1998 Consejo Nacional de Planeaci\u00f3n, Seminario Taller Sistemas de Planeaci\u00f3n Participativa, abril mayo de 1998, Bogot\u00e1 D.C. Universidad Rafael Mar\u00eda Urdaneta-Alto Comisionado de las Naciones Unidas para los Refugiados \u2013Comisi\u00f3n Nacional para los Refugiados, Curso de Extensi\u00f3n en Derecho de Refugio y Protecci\u00f3n Internacional de los refugiados, diciembre de 2010 Alianza Jur\u00eddica, Taller sobre T\u00e9cnicas de Litigaci\u00f3n en los Procesos Orales, Caracas, octubre de 2011 Red de Fundaciones, Escuelas y Centros de Capacitaci\u00f3n Foro De Sao Paulo, Seminario: Integraci\u00f3n Regional Am\u00e9rica Latina y el Caribe, M\u00e9xico, marzo de 2013 Juan Carlos Tanus, es en la actualidad el Director del Semanario \u201cEl Colombiano en Venezuela\u201d, Expresi\u00f3n comunicacional de los migrados de origen colombiano en el territorio venezolano, Impreso en la Ciudad de Caracas, con distribuci\u00f3n en 795 puntos de la capital, en Vargas y Miranda, adem\u00e1s circula todos los d\u00edas lunes en los estados fronterizos de Zulia, T\u00e1chira, Apure y Amazonas, con 16 paginas es el \u00fanico semanario de contenido informativo y noticioso colombiano. <a class=\"external free\" href=\"https:\/\/issuu.com\/search?q=PERI\u00d3DICO%20EL%20COLOMBIANO%20EN%20VENEZUELA%20\" rel=\"nofollow\">https:\/\/issuu.com\/search?q=PERI\u00d3DICO%20EL%20COLOMBIANO%20EN%20VENEZUELA%20<\/a>,<\/p>\n<p>Juan Carlos Tanus, tambi\u00e9n realiza bajo la modalidad de Productor Nacional Independiente La Radio Revista Migrante &amp; Migraci\u00f3n, espacio de entrevistas, noticias, an\u00e1lisis y opiniones sobre las migraciones y los migrantes en el mundo <a class=\"external free\" href=\"https:\/\/www.youtube.com\/watch?v=DiC8_XgDD1Y\" rel=\"nofollow\">https:\/\/www.youtube.com\/watch?v=DiC8_XgDD1Y<\/a>, <a class=\"external free\" href=\"https:\/\/www.youtube.com\/watch?v=SJBlbbjUYfY\" rel=\"nofollow\">https:\/\/www.youtube.com\/watch?v=SJBlbbjUYfY<\/a>, <a class=\"external free\" href=\"https:\/\/www.youtube.com\/watch?v=d_UyziVAhv0\" rel=\"nofollow\">https:\/\/www.youtube.com\/watch?v=d_UyziVAhv0<\/a>, transmitido desde hace 9 a\u00f1os todos los s\u00e1bados desde las 09:00 y hasta las 11:00 horas (Hora de Caracas) desde el a\u00f1o 2011, ya alcanza el programa n\u00famero 373 en marzo de 2020, por www.laradiodelsur.com.ve desde la Ciudad de Caracas.<\/p>\n<p>En esta misma estaci\u00f3n radial, www.laradiodelsur.com.ve Juan Carlos Tanus, produjo en compa\u00f1\u00eda de Viviana Garc\u00eda y por espacio de 6 a\u00f1os, el programa \u201cColombia: Un Tema Tres Personajes\u201d, emitido en el horario de los d\u00edas viernes de 11:00 A.M. a 12 Meridiano, alcanzando 300 programas realizados. <a class=\"external free\" href=\"https:\/\/www.ivoox.com\/radio-del-sur-presenta-colombia-tema-audios-mp3_rf_3129596_1.html\" rel=\"nofollow\">https:\/\/www.ivoox.com\/radio-del-sur-presenta-colombia-tema-audios-mp3_rf_3129596_1.html<\/a>, Y para cerrar el ciclo radial, hizo radio en la emisora Libre al Son del 23, <a class=\"external free\" href=\"http:\/\/comunicadoresubevistas02dubv.blogspot.com\/2013\/01\/emisora-libre-al-son-del-23.html\" rel=\"nofollow\">http:\/\/comunicadoresubevistas02dubv.blogspot.com\/2013\/01\/emisora-libre-al-son-del-23.html<\/a>; con el programa de los d\u00edas martes \u201cEn Sinton\u00eda de Colombianos en Venezuela\u201d desde las 0010 horas y hasta las 12:00 Meridiano en Compa\u00f1\u00eda de Cesar Estrada y Viviana Garc\u00eda En el a\u00f1o 2015 publico el compendio Herramientas Internacionales sobre Migraci\u00f3n, en el a\u00f1o 2015, ISBN: 978-980-12-8218-1. Hecho el Deposito Legal: lf252201153401997 , 430 p\u00e1ginas<\/p>\n<p>En el a\u00f1o 2010 p\u00fablico Compendio Constitucional y Legal: Normas para migrantes Econ\u00f3micos y solicitantes de refugio en la Rep\u00fablica Bolivariana de Venezuela. Serie Derechos Humanos para Todos. == Escribe texto sin formato aqu\u00ed == Participaci\u00f3n en eventos especiales: &lt;big&gt;EN EL PANTEON NACIONAL:&lt;\/big&gt; Acto de conmemoraci\u00f3n del Bicentenario de la Batalla de Boyaca: La Batalla de Boyac\u00e1 fue la confrontaci\u00f3n m\u00e1s importante de la guerra de independencia de Colombia que garantiz\u00f3 el \u00e9xito de la Campa\u00f1a Libertadora de Nueva Granada. Este acontecimiento tuvo lugar el d\u00eda 7 de agosto de 1819 en el cruce del r\u00edo Teatinos, en inmediaciones de Tunja. La batalla finaliza con la rendici\u00f3n en masa de la divisi\u00f3n realista, y fue la culminaci\u00f3n de 78 d\u00edas de campa\u00f1a iniciada desde Venezuela por el Libertador Sim\u00f3n Bol\u00edvar para independizar el Virreinato de Nueva Granada, Juan Carlos Tanus, fue orador de orden el 7 de agosto de 2019 ( ver aca el video https:\/\/www.youtube.com\/watch?v=eOBErtwx-_Q&amp;t=84s) == Texto de t\u00edtulo == OTRAS INVITACIONES Ha sido invitado a programas de Televisi\u00f3n, para el abordaje de temas relacionados con el conflicto colombiano a canales como: Telesur: Con Walter Mart\u00ednez en el programa decano de la televisi\u00f3n en Latinoam\u00e9rica Dossier Walter Nelson Mart\u00ednez (Montevideo, 6 de abril de 1941) es un periodista y corresponsal de guerra uruguayo, naturalizado venezolano y residente en Caracas desde 1969. Es presentador del programa de an\u00e1lisis Dossier tanto de televisi\u00f3n como de radio y prensa escrita. Tambi\u00e9n fue corresponsal de prensa en la ONU con 25 a\u00f1os de trayectoria. Ver video ac\u00e1 https:\/\/www.youtube.com\/watch?v=_hHL2jw9Gwc&amp;t=151s Ha sido invitado como orador de orden en El Pante\u00f3n Nacional https:\/\/es.wikipedia.org\/wiki\/Pante\u00f3n_Nacional_de_Venezuela en el marco de la celebraci\u00f3n de la Batalla de Boyac\u00e1 el pasado 7 de agosto de 2019. La batalla de Boyac\u00e1 fue la confrontaci\u00f3n m\u00e1s importante de la guerra de independencia de Colombia que garantiz\u00f3 el \u00e9xito de la Campa\u00f1a Libertadora de Nueva Granada, afirmo con muchos aplausos que \u201cEl legado de la campa\u00f1a Admirable segu\u00eda estando presente ante el imperialismo estadounidense\u201d<\/p>\n","protected":false},"excerpt":{"rendered":"<p>Juan Carlos Tanus, migrante de origen colombiano, es el Director Ejecutivo de la Asociaci\u00f3n de Colombianos en Venezuela. Organizaci\u00f3n civil de los migrantes con mayor relevancia en Venezuela, por su activa participaci\u00f3n en la vida social de Venezuela. Tanus; nacido en las estribaciones de la Sub Regi\u00f3n de los Montes de Mar\u00eda (Montes de One), &hellip; <\/p>\n<p class=\"link-more\"><a href=\"https:\/\/juancarlostanus.com\/index.php\/about-us\/\" class=\"more-link\">Continue reading<span class=\"screen-reader-text\"> \u00abQuien es Juan Carlos Tanus?\u00bb<\/span><\/a><\/p>\n","protected":false},"author":2,"featured_media":433,"parent":0,"menu_order":0,"comment_status":"closed","ping_status":"closed","template":"","meta":{"footnotes":""},"class_list":["post-27","page","type-page","status-publish","has-post-thumbnail","hentry"],"jetpack_sharing_enabled":true,"_links":{"self":[{"href":"https:\/\/juancarlostanus.com\/index.php\/wp-json\/wp\/v2\/pages\/27","targetHints":{"allow":["GET"]}}],"collection":[{"href":"https:\/\/juancarlostanus.com\/index.php\/wp-json\/wp\/v2\/pages"}],"about":[{"href":"https:\/\/juancarlostanus.com\/index.php\/wp-json\/wp\/v2\/types\/page"}],"author":[{"embeddable":true,"href":"https:\/\/juancarlostanus.com\/index.php\/wp-json\/wp\/v2\/users\/2"}],"replies":[{"embeddable":true,"href":"https:\/\/juancarlostanus.com\/index.php\/wp-json\/wp\/v2\/comments?post=27"}],"version-history":[{"count":3,"href":"https:\/\/juancarlostanus.com\/index.php\/wp-json\/wp\/v2\/pages\/27\/revisions"}],"predecessor-version":[{"id":424,"href":"https:\/\/juancarlostanus.com\/index.php\/wp-json\/wp\/v2\/pages\/27\/revisions\/424"}],"wp:featuredmedia":[{"embeddable":true,"href":"https:\/\/juancarlostanus.com\/index.php\/wp-json\/wp\/v2\/media\/433"}],"wp:attachment":[{"href":"https:\/\/juancarlostanus.com\/index.php\/wp-json\/wp\/v2\/media?parent=27"}],"curies":[{"name":"wp","href":"https:\/\/api.w.org\/{rel}","templated":true}]}}